by 45078.
8
What is the remainder when 1509993 is divided by 11?
1
Calculate the remainder when 11466722 is divided by 532.
526
Calculate the remainder when 334366 is divided by 110404.
3154
What is the remainder when 718875 is divided by 599?
75
What is the remainder when 452522 is divided by 149?
9
What is the remainder when 49158860 is divided by 15?
5
What is the remainder when 322259 is divided by 9191?
574
What is the remainder when 21325 is divided by 964?
117
Calculate the remainder when 18496208 is divided by 8.
0
Calculate the remainder when 96903130 is divided by 11521.
11520
Calculate the remainder when 88755573 is divided by 587.
586
Calculate the remainder when 74366325 is divided by 202633.
14
Calculate the remainder when 29862 is divided by 1152.
1062
What is the remainder when 4217029 is divided by 5181?
4876
What is the remainder when 14033 is divided by 1757?
1734
What is the remainder when 3611450 is divided by 283?
87
Calculate the remainder when 41944519 is divided by 143.
45
What is the remainder when 23349501 is divided by 9?
0
What is the remainder when 64143 is divided by 9100?
443
What is the remainder when 6269337 is divided by 21?
18
Calculate the remainder when 101599 is divided by 8031.
5227
What is the remainder when 11533346 is divided by 1681?
5
What is the remainder when 104408465 is divided by 17?
7
What is the remainder when 4400430 is divided by 11197?
9
What is the remainder when 107138 is divided by 6300?
38
What is the remainder when 104378 is divided by 193?
158
What is the remainder when 7269611 is divided by 1038515?
6
Calculate the remainder when 20813532 is divided by 4142.
4124
What is the remainder when 111280261 is divided by 153?
148
Calculate the remainder when 107649273 is divided by 33001.
11
What is the remainder when 568754 is divided by 63190?
44
Calculate the remainder when 1651882 is divided by 100.
82
Calculate the remainder when 132287559 is divided by 44095847.
18
What is the remainder when 154165 is divided by 154138?
27
Calculate the remainder when 481107 is divided by 4537.
185
Calculate the remainder when 53031 is divided by 704.
231
What is the remainder when 24123 is divided by 7124?
2751
Calculate the remainder when 751992 is divided by 211.
199
Calculate the remainder when 55941325 is divided by 1216114.
81
What is the remainder when 8604690 is divided by 26314?
12
What is the remainder when 20282142 is divided by 235?
232
What is the remainder when 1259351 is divided by 7?
2
What is the remainder when 275195 is divided by 1764?
11
Calculate the remainder when 17580445 is divided by 3802.
3799
What is the remainder when 334939 is divided by 164353?
6233
Calculate the remainder when 26522 is divided by 2747.
1799
Calculate the remainder when 152835 is divided by 24591.
5289
What is the remainder when 443158 is divided by 92?
86
What is the remainder when 3942952 is divided by 174?
112
What is the remainder when 21012943 is divided by 82?
33
What is the remainder when 7901 is divided by 5906?
1995
Calculate the remainder when 1856290 is divided by 1856276.
14
Calculate the remainder when 886207 is divided by 2120.
47
What is the remainder when 42508238 is divided by 126?
122
Calculate the remainder when 952358 is divided by 216.
14
Calculate the remainder when 130736 is divided by 130616.
120
Calculate the remainder when 13578714 is divided by 343.
30
What is the remainder when 20103555 is divided by 11634?
3
Calculate the remainder when 85604 is divided by 282.
158
Calculate the remainder when 78034297 is divided by 234.
211
Calculate the remainder when 1364481 is divided by 209.
129
What is the remainder when 37498 is divided by 412?
6
Calculate the remainder when 105926239 is divided by 1145.
1144
Calculate the remainder when 185076 is divided by 2124.
288
Calculate the remainder when 2405424 is divided by 1202704.
16
Calculate the remainder when 219914 is divided by 1375.
1289
Calculate the remainder when 4479415 is divided by 221.
187
Calculate the remainder when 65621 is divided by 3057.
1424
Calculate the remainder when 227440149 is divided by 466.
461
Calculate the remainder when 1245792 is divided by 4660.
1572
What is the remainder when 79414 is divided by 7691?
2504
Calculate the remainder when 1313969 is divided by 361.
290
What is the remainder when 1205196 is divided by 637?
629
What is the remainder when 2661460 is divided by 298?
22
What is the remainder when 494848582 is divided by 13?
7
What is the remainder when 765435231 is divided by 153087045?
6
What is the remainder when 61844119 is divided by 348?
343
Calculate the remainder when 13545930 is divided by 457.
450
What is the remainder when 495471 is divided by 98980?
571
What is the remainder when 9667817 is divided by 416?
393
Calculate the remainder when 394878 is divided by 8064.
7806
Calculate the remainder when 2711848 is divided by 392.
384
Calculate the remainder when 27896844 is divided by 213.
21
Calculate the remainder when 155222997 is divided by 150.
147
What is the remainder when 2395778 is divided by 3?
2
What is the remainder when 225758 is divided by 5504?
94
Calculate the remainder when 321430 is divided by 108.
22
Calculate the remainder when 4241859 is divided by 2537.
2532
Calculate the remainder when 146410 is divided by 651.
586
Calculate the remainder when 254070 is divided by 28230.
0
What is the remainder when 14083 is divided by 1407?
13
Calculate the remainder when 331603 is divided by 331561.
42
Calculate the remainder when 1772640 is divided by 354484.
220
Calculate the remainder when 50126 is divided by 132.
98
Calculate the remainder when 178500 is divided by 3880.
20
Calculate the remainder when 19218475 is divided by 65.
55
What is the remainder when 14153 is divided by 1133?
557
Calculate the remainder when 476654 is divided by 1347.
1163
What is the remainder when 3098449 is divided by 832?
81
What is the remainder when 7082849 is divided by 2167?
1093
Calculate the remainder when 48119044 is divided by 3.
1
Calculate the remainder when 879 is divided by 10.
9
What is the remainder when 878949 is divided by 11?
5
Calculate the remainder when 193665 is divided by 2176.
1
What is the remainder when 274271 is divided by 2?
1
Calculate the remainder when 77408 is divided by 1887.
41
What is the remainder when 56733058 is divided by 17?
12
What is the remainder when 15305693 is divided by 188959?
14
What is the remainder when 224426335 is divided by 1220?
15
Calculate the remainder when 588335 is divided by 4745.
4700
What is the remainder when 458441 is divided by 713?
695
What is the remainder when 13233538 is divided by 31?
10
What is the remainder when 17982418 is divided by 428?
426
What is the remainder when 38398866 is divided by 23?
21
What is the remainder when 513684 is divided by 11537?
6056
Calculate the remainder when 12825227 is divided by 249.
233
Calculate the remainder when 102630400 is divided by 33.
4
What is the remainder when 33592409 is divided by 1599638?
11
Calculate the remainder when 2240932 is divided by 1282.
1278
Calculate the remainder when 3419697 is divided by 245.
232
Calculate the remainder when 8951185 is divided by 31.
28
What is the remainder when 839407 is divided by 4503?
1849
What is the remainder when 90477934 is divided by 5?
4
Calculate the remainder when 4122 is divided by 77.
41
Calculate the remainder when 674664 is divided by 254.
40
Calculate the remainder when 170980 is divided by 236.
116
Calculate the remainder when 50569 is divided by 50317.
252
Calculate the remainder when 42478 is divided by 13452.
2122
Calculate the remainder when 852110 is divided by 1928.
1862
Calculate the remainder when 28365 is divided by 2341.
273
What is the remainder when 2264692 is divided by 620?
452
Calculate the remainder when 4482566 is divided by 6890.
4066
Calculate the remainder when 19030411 is divided by 356.
75
Calculate the remainder when 5271472 is divided by 7383.
10
What is the remainder when 4269273 is divided by 6449?
35
What is the remainder when 19444917 is divided by 24?
21
What is the remainder when 116795 is divided by 3539?
8
Calculate the remainder when 10726066 is divided by 1.
0
Calculate the remainder when 47483457 i